= -s + a - 424, -56 = 5*s - 4*a. Let i(l) = -3*l - 20. Determine i(s).
4
Let d be (-23 - -26)*((-2)/2 + 2). Let m(f) = d*f**2 - 9*f**2 + 5*f + 7*f**2 + 6. Let s = -14 + 9. Determine m(s).
6
Suppose -2*x = -2*f - 22, 6*f - 4*x = -85 + 19. Let j(g) = g**2 + 23*g + 123. What is j(f)?
-9
Let p(h) be the first derivative of 2*h**3/3 - h**2 + h - 1. Let j be 7/(-3) + 32/24. Let w be j/(3/(-12)) + -3. Give p(w).
1
Let m(p) be the first derivative of 7*p - 1/4*p**4 + 233 - 4*p**2 + 7/3*p**3. What is m(6)?
-5
Let g(z) = -2*z**2 - 3 + 3*z**2 + 2 - z - 4*z**3. Let k = -994 + 993. Calculate g(k).
5
Let j(a) = -22*a**3 - 2*a**2 + 2*a - 1. Let u(d) = 3*d - 41 + 38 + 28. Let l be u(-8). Calculate j(l).
-23
Let f(x) be the first derivative of -x**6/120 - x**4/24 - 7*x**3/3 + 129*x**2/2 + 82. Let j(u) be the second derivative of f(u). Calculate j(0).
-14
Let m(p) be the second derivative of p**5/20 - 5*p**4/12 - 5*p**3/2 + 7*p**2/2 - 82*p + 6. Calculate m(7).
0
Let r be (10 - 1) + (24 - 31). Let z(d) = 15*d**r - 4*d + 1 - 10*d**3 + d - 14*d**2 + 1. Determine z(1).
-10
Let h(x) = x. Let k(p) be the second derivative of -p**5/20 + 3*p**4/4 - p**3/6 + 13*p**2/2 - 57*p - 3. Let f(q) = 6*h(q) + k(q). Give f(10).
-37
Let y(c) = 7*c + 4. Let m(i) = 60*i - 3. Let v(r) = -m(r) + 5*y(r). Give v(2).
-27
Let r(k) be the first derivative of k**2/2 - 3*k - 8. Suppose -514*j = -529*j + 30. Calculate r(j).
-1
Let w(k) = k**2 - 7*k - 1. Let a = -145 + 145. Suppose 3*x + 5*x - 48 = a. What is w(x)?
-7
Let t(j) = 26 - 1680*j**3 + 34 + 12*j + 1679*j**3 - 7*j**2. Calculate t(-7).
-24
Let f(x) = -3*x**2 + 15*x - 23. Let t(d) = 8*d**2 - 44*d + 69. Let i(q) = 17*f(q) + 6*t(q). Let o be i(2). Let k(a) = a + 7. Calculate k(o).
0
Let x(o) = -5*o + 0 + o**2 + 1 - 7. Let a(y) = -2*y**2 - 13*y - 50. Let p be a(-5). Let b(i) = -8*i - 273. Let u be b(p). Give x(u).
8
Let a(w) = w**3 - 8*w**2 + 4*w + 23. Let n be a(7). Suppose -105 = n*m + 21. Let i be (-18)/m - (-116)/(-14). Let o(s) = -s - 4. Give o(i).
4
Let q be (-7)/42 + 302/12. Let t be (30/q)/((-6)/(-40)). Suppose -s + 5*d = -35, -3*s + 27 = -d - t. Let g(a) = -a + 6. Give g(s).
-4
Suppose -465 = 53*m - 249 - 322. Let a(b) be the second derivative of -b**4/12 + 2*b**3/3 - b**2/2 + 2*b. Give a(m).
3
Let p = 26430 + -26427. Let g(l) be the third derivative of -l**5/30 - l**3/6 + 2*l**2. Let r(w) be the first derivative of g(w). Calculate r(p).
-12
Let v(w) = -42*w - 172. Suppose 159*a + 189*a + 1392 = 0. Give v(a).
-4
Let b(h) = 4*h**2 - 2*h - 13. Let y(u) = -13*u**2 + 5*u + 39. Let w(t) = 19*b(t) + 6*y(t). Give w(-3).
-7
Let q(w) = -w**2 + 25*w - 31. Suppose -17*h - 6*h = -470 - 82. Determine q(h).
-7
Let j(q) be the second derivative of q**4/12 + 11*q**3/6 + 11*q**2/2 - 30*q - 2. Let a be -10*((-10)/70)/((-3)/21). Give j(a).
1
Let b(w) = -110*w + 27. Let r(l) = -63*l + 13. Let k(o) = 4*b(o) - 7*r(o). Give k(-5).
12
Let c(n) = n**2 - 4*n + 5. Let p be (-240)/352 + (-2)/(-11) + (-20)/(-8). Determine c(p).
1
Let b(m) = 15*m + 186. Let j(c) = 3*c + 37. Let k(i) = 2*b(i) - 11*j(i). Let n be k(7). Let s = -53 - n. Let u(l) = -l**3 + 3*l**2 + 4. Give u(s).
4
Let l(g) = 36*g**2 - 7*g - 12. Let f(s) = 13*s**2 - s - 3. Let b(o) = -11*f(o) + 4*l(o). Determine b(19).
23
Let z(y) be the second derivative of -y**4/6 - y**3/3 - 3*y**2 - 8896*y. Calculate z(-3).
-18
Let j(t) = -t**2 - 5*t - 6. Let w(h) = 13*h**3 - 2*h**2 + 3*h - 6. Let u be w(2). Let x be u/(-14) - (-288)/336. Determine j(x).
-12
Suppose 0*x + 5*u = 3*x + 175, -222 = 4*x - u. Let a = x + 50. Let g(i) = -i**2 - 9*i - 5. Determine g(a).
15
Suppose 147*r = a + 144*r - 12, a + 5*r - 4 = 0. Suppose -3*i - 20 = i, 0 = 2*x - i - 13. Let u(l) = 0 + 2*l + 5 + x - 13*l + l**2. Determine u(a).
-9
Let k = 26008 - 26010. Let g(n) = -11*n**2 - n - 6. Give g(k).
-48
Let f = 2372 + -2372. Let g(v) = v - 6. Calculate g(f).
-6
Let v(m) = m**3 - 2*m. Let g(a) = -a**3 - 9*a**2 - 3*a - 5. Suppose q - 16 = 2*h - 3*q, -2*h - 4*q = 0. Let x be g(h). Let d = x - -76. Give v(d).
21
Let c(y) = -y**3 + 4*y**2 - 6*y + 3. Let w = -53 + 157. Suppose k + 51*k = w. Determine c(k).
-1
Let m(u) = -8*u**2 - 10*u + 7. Let i(d) = -4*d - 59 + 129 - 68 - 3*d**2. Let y(b) = 11*i(b) - 4*m(b). What is y(-4)?
-6
Let s(p) = 2*p**3 - 12*p**2 + 4*p - 6. Let x be s(6). Let b(y) = y**2 - 16*y - 36. Let k be b(x). Let h(a) = -a**2 + 2. What is h(k)?
2
Suppose 2*h + 0*h - 20 = 0. Let t(c) = 8*c + 7*c - c - 15*c + h. What is t(6)?
4
Let x(k) be the second derivative of k**4/6 + 7*k**3/3 - 52*k - 32. Determine x(-7).
0
Suppose 0 = -9*s + 14 + 4. Suppose 0*h + 288 = 5*f + s*h, 2*f + h - 115 = 0. Let o = f + -65. Let n(x) = x + 2. Give n(o).
-5
Let o = 215 + -210. Suppose 6*s = o*s - 3, -2*b + 21 = -3*s. Let q(t) = -t**3 + 5*t**2 + 3*t + 3. What is q(b)?
-15
Let m(x) = -107*x + 7171. Let d be m(67). Let q(c) = c**2 - 18*c + 31. Calculate q(d).
-1
Let n(v) be the second derivative of -v**6/360 + 13*v**5/120 + v**4/24 + 101*v**3/6 - v**2/2 + 59*v + 1. Let o(j) be the second derivative of n(j). Give o(13).
1
Let h be ((-2)/(-2) - -6)*-1. Let w(m) be the second derivative of -m**5/20 - 7*m**4/12 - m**3/2 - 17*m**2/2 + 137*m - 117. Calculate w(h).
4
Let g(z) = 4*z - 8. Let f(d) = -d + 4. Suppose -271 = -3*w - 265. Let j(i) = w*g(i) + 5*f(i). Calculate j(-3).
-5
Let t(p) = -24*p. Let v(m) = m + 6. Let q be v(9). Let u be (40/q + -2)*42. Let l = u - 27. Give t(l).
-24
Let o(l) = l**3 + 13*l**2 + 37*l + 15. Suppose -3*r + 7 - 37 = s, -3*r = -s + 24. Let n be o(r). Let t(i) = -i - 2. Determine t(n).
-8
Let c(l) be the third derivative of -7*l**5/60 + l**4/24 + l**3/6 - 2*l**2 - 907. Give c(2).
-25
Suppose 0 = -0*a - 9*a + 36. Suppose 5*w + 4*r = r + 2, 1 = 4*w + 3*r. Let x(p) = 7*p**2 - 2*p**3 - w + 545*p - 549*p + p**3. Determine x(a).
31
Let q(t) = -17*t - 1. Let d = -181 - -146. Let l = 36 + d. Give q(l).
-18
Let a(z) be the first derivative of 3*z**2 - 53*z + 4253. Calculate a(19).
61
Let n(v) = -v**3 + 10*v**2 - 5. Let i(w) = 7*w**3 - 56*w**2 - 8*w + 17. Let q(z) = i(z) + 6*n(z). What is q(-4)?
19
Let d(c) = c**3 - 12*c**2 + 21*c - 7. Let k = 2894 - 2884. Calculate d(k).
3
Let k be (-8)/(-68) + (166/34 - 2). Let o(c) = -8*c**2 + 139*c**3 - 69*c**3 - 71*c**k - 7*c. Calculate o(-7).
0
Let y(n) be the second derivative of -1/6*n**3 + 7/2*n**2 + 0 + 93*n. What is y(-5)?
12
Let i(j) be the first derivative of -1/4*j**4 + 0*j**2 + 20 + 10/3*j**3 + 0*j + 1/360*j**6 + 1/40*j**5. Let c(g) be the third derivative of i(g). What is c(-5)?
4
Let c(i) = 154*i. Let k be c(1). Suppose k*m - 156*m - 16 = 0. Let v(b) = 12 + b - 1 + 1. Calculate v(m).
4
Let p(a) = 6 - 2*a - a**2 - 2*a - 2*a. Suppose -2*d - 4*t + 6 = 0, -5*d - 6*t + t + 15 = 0. Let y be -4 - d - (2/(-1) + 2). Calculate p(y).
-1
Let j(g) = -13*g**2 + 3*g - 10. Let y(o) = 8*o**2 - 2*o + 7. Let k(s) = 5*j(s) + 8*y(s). Suppose 0 = -31*v - 2*v. Determine k(v).
6
Let h(x) = x + 7. Let k be h(-4). Let p(r) be the first derivative of r**4/4 - r**3 - 5*r**2/2 + 3*r - 670. Give p(k).
-12
Let m be 14/(-7) + 106 + 0/(-4). Suppose -m*d - 44 = -82*d. Let b(r) = -4*r**2 - 1. Give b(d).
-17
Let c(d) = 28*d + 78. Let p be (-18)/4 + 87/6 + -25 + 12. Determine c(p).
-6
Suppose -3*x = 3*l + 45 + 15, 2*l - 12 = 2*x. Let f(k) = k**3 + 12*k**2 - 12*k + 19. Calculate f(x).
6
Let s(m) be the first derivative of -11*m**2/2 - 7*m + 685. Give s(-4).
37
Let p(k) = -22*k**3 - 130*k**2 - 15*k - 50. Let n(y) = -4*y**3 - 26*y**2 - 3*y - 7. Let m(f) = -16*n(f) + 3*p(f). What is m(13)?
1
Let j(k) = -10*k - 8*k - 11*k + 38*k - 7*k. Let g be (-24)/(-9) - (-4)/(-6). What is j(g)?
4
Suppose -4*z + 16 + 88 = 0. Suppose -4*v + 2*y = -z, -4*v = 2*y + 19 - 57. Let i(s) = s**3 - 8*s**2 + 2*s - 9. What is i(v)?
7
Let q(h) be the third derivative of -17*h**4/24 - 5*h**3/3 + 817*h**2 - 2*h. Determine q(-7).
109
Let i = 544 + -1189. Let j = 648 + i. Let q(u) = -2 + u + 0*u + u - u**2. Give q(j).
-5
Let y(m) be the third derivative of 1/60*m**5 + 0 - 7/6*m**3 - 1/4*m**4 + 0*m - 7*m**2. Let k = -617 + 622. Calculate y(k).
-12
Let c(k) be the first derivative of k**3/3 + k**2/2 - 34*k - 72. Let t(f) be the first derivative of c(f). Determine t(-3).
-5
Let c(g) = 2*g + 13. Let r be ((-2 - 0) + 0)*9/6. Let o be r + 9 + -2 - 18. Let p(t) = -6*